{"id":4255,"date":"2024-02-09T08:41:39","date_gmt":"2024-02-09T08:41:39","guid":{"rendered":"https:\/\/clusterhabitat.pt\/orgao-social\/jose-manuel-de-avila-e-sousa\/"},"modified":"2026-01-12T15:48:47","modified_gmt":"2026-01-12T15:48:47","slug":"jose-manuel-de-avila-e-sousa","status":"publish","type":"orgao_social","link":"https:\/\/clusterhabitat.pt\/en\/orgao-social\/jose-manuel-de-avila-e-sousa\/","title":{"rendered":"Jos\u00e9 Manuel de \u00c1vila e Sousa"},"content":{"rendered":"<p>Jos\u00e9 \u00c1vila e Sousa, who has a degree in Civil Engineering from the University of Coimbra, has consolidated his training by taking part in seminars, conferences and international events, maintaining close contact with the scientific community.<\/p>\n<p>He currently holds the position of Technical Director of the Preceram Group, and is also responsible for the Communication and Image Department. Enthusiastic about sustainability and innovation in the field of construction products, he also coordinates the research and development of new products at various companies in the group, including Gyptec Ib\u00e9rica and Argex.<\/p>\n","protected":false},"featured_media":1212,"template":"","tipo_orgao_social":[68],"class_list":["post-4255","orgao_social","type-orgao_social","status-publish","has-post-thumbnail","hentry","tipo_orgao_social-inspection-committee"],"yoast_head":"<!-- This site is optimized with the Yoast SEO plugin v27.5 - https:\/\/yoast.com\/product\/yoast-seo-wordpress\/ -->\n<title>Jos\u00e9 Manuel de \u00c1vila e Sousa - Cluster Habitat Sustent\u00e1vel<\/title>\n<meta name=\"robots\" content=\"index, follow, max-snippet:-1, max-image-preview:large, max-video-preview:-1\" \/>\n<link rel=\"canonical\" href=\"https:\/\/clusterhabitat.pt\/en\/orgao-social\/jose-manuel-de-avila-e-sousa\/\" \/>\n<meta property=\"og:locale\" content=\"en_US\" \/>\n<meta property=\"og:type\" content=\"article\" \/>\n<meta property=\"og:title\" content=\"Jos\u00e9 Manuel de \u00c1vila e Sousa - Cluster Habitat Sustent\u00e1vel\" \/>\n<meta property=\"og:description\" content=\"Jos\u00e9 \u00c1vila e Sousa, who has a degree in Civil Engineering from the University of Coimbra, has consolidated his training by taking part in seminars, conferences and international events, maintaining close contact with the scientific community. He currently holds the position of Technical Director of the Preceram Group, and is also responsible for the Communication [&hellip;]\" \/>\n<meta property=\"og:url\" content=\"https:\/\/clusterhabitat.pt\/en\/orgao-social\/jose-manuel-de-avila-e-sousa\/\" \/>\n<meta property=\"og:site_name\" content=\"Cluster Habitat Sustent\u00e1vel\" \/>\n<meta property=\"article:publisher\" content=\"https:\/\/www.facebook.com\/clusterhabitat\" \/>\n<meta property=\"article:modified_time\" content=\"2026-01-12T15:48:47+00:00\" \/>\n<meta property=\"og:image\" content=\"https:\/\/clusterhabitat.pt\/wp-content\/uploads\/2024\/02\/avila.jpg\" \/>\n\t<meta property=\"og:image:width\" content=\"381\" \/>\n\t<meta property=\"og:image:height\" content=\"382\" \/>\n\t<meta property=\"og:image:type\" content=\"image\/jpeg\" \/>\n<meta name=\"twitter:card\" content=\"summary_large_image\" \/>\n<meta name=\"twitter:site\" content=\"@ClusterHabitat\" \/>\n<meta name=\"twitter:label1\" content=\"Est. reading time\" \/>\n\t<meta name=\"twitter:data1\" content=\"1 minute\" \/>\n<script type=\"application\/ld+json\" class=\"yoast-schema-graph\">{\"@context\":\"https:\\\/\\\/schema.org\",\"@graph\":[{\"@type\":\"WebPage\",\"@id\":\"https:\\\/\\\/clusterhabitat.pt\\\/en\\\/orgao-social\\\/jose-manuel-de-avila-e-sousa\\\/\",\"url\":\"https:\\\/\\\/clusterhabitat.pt\\\/en\\\/orgao-social\\\/jose-manuel-de-avila-e-sousa\\\/\",\"name\":\"Jos\u00e9 Manuel de \u00c1vila e Sousa - Cluster Habitat Sustent\u00e1vel\",\"isPartOf\":{\"@id\":\"https:\\\/\\\/clusterhabitat.pt\\\/#website\"},\"primaryImageOfPage\":{\"@id\":\"https:\\\/\\\/clusterhabitat.pt\\\/en\\\/orgao-social\\\/jose-manuel-de-avila-e-sousa\\\/#primaryimage\"},\"image\":{\"@id\":\"https:\\\/\\\/clusterhabitat.pt\\\/en\\\/orgao-social\\\/jose-manuel-de-avila-e-sousa\\\/#primaryimage\"},\"thumbnailUrl\":\"https:\\\/\\\/clusterhabitat.pt\\\/wp-content\\\/uploads\\\/2024\\\/02\\\/avila.jpg\",\"datePublished\":\"2024-02-09T08:41:39+00:00\",\"dateModified\":\"2026-01-12T15:48:47+00:00\",\"breadcrumb\":{\"@id\":\"https:\\\/\\\/clusterhabitat.pt\\\/en\\\/orgao-social\\\/jose-manuel-de-avila-e-sousa\\\/#breadcrumb\"},\"inLanguage\":\"en-US\",\"potentialAction\":[{\"@type\":\"ReadAction\",\"target\":[\"https:\\\/\\\/clusterhabitat.pt\\\/en\\\/orgao-social\\\/jose-manuel-de-avila-e-sousa\\\/\"]}]},{\"@type\":\"ImageObject\",\"inLanguage\":\"en-US\",\"@id\":\"https:\\\/\\\/clusterhabitat.pt\\\/en\\\/orgao-social\\\/jose-manuel-de-avila-e-sousa\\\/#primaryimage\",\"url\":\"https:\\\/\\\/clusterhabitat.pt\\\/wp-content\\\/uploads\\\/2024\\\/02\\\/avila.jpg\",\"contentUrl\":\"https:\\\/\\\/clusterhabitat.pt\\\/wp-content\\\/uploads\\\/2024\\\/02\\\/avila.jpg\",\"width\":381,\"height\":382},{\"@type\":\"BreadcrumbList\",\"@id\":\"https:\\\/\\\/clusterhabitat.pt\\\/en\\\/orgao-social\\\/jose-manuel-de-avila-e-sousa\\\/#breadcrumb\",\"itemListElement\":[{\"@type\":\"ListItem\",\"position\":1,\"name\":\"In\u00edcio\",\"item\":\"https:\\\/\\\/clusterhabitat.pt\\\/en\\\/\"},{\"@type\":\"ListItem\",\"position\":2,\"name\":\"Jos\u00e9 Manuel de \u00c1vila e Sousa\"}]},{\"@type\":\"WebSite\",\"@id\":\"https:\\\/\\\/clusterhabitat.pt\\\/#website\",\"url\":\"https:\\\/\\\/clusterhabitat.pt\\\/\",\"name\":\"Cluster Habitat Sustent\u00e1vel\",\"description\":\"\",\"publisher\":{\"@id\":\"https:\\\/\\\/clusterhabitat.pt\\\/#organization\"},\"potentialAction\":[{\"@type\":\"SearchAction\",\"target\":{\"@type\":\"EntryPoint\",\"urlTemplate\":\"https:\\\/\\\/clusterhabitat.pt\\\/?s={search_term_string}\"},\"query-input\":{\"@type\":\"PropertyValueSpecification\",\"valueRequired\":true,\"valueName\":\"search_term_string\"}}],\"inLanguage\":\"en-US\"},{\"@type\":\"Organization\",\"@id\":\"https:\\\/\\\/clusterhabitat.pt\\\/#organization\",\"name\":\"Cluster Habitat Sustent\u00e1vel\",\"url\":\"https:\\\/\\\/clusterhabitat.pt\\\/\",\"logo\":{\"@type\":\"ImageObject\",\"inLanguage\":\"en-US\",\"@id\":\"https:\\\/\\\/clusterhabitat.pt\\\/#\\\/schema\\\/logo\\\/image\\\/\",\"url\":\"https:\\\/\\\/clusterhabitat.pt\\\/wp-content\\\/uploads\\\/2024\\\/01\\\/cropped-Cluster-Logo.png\",\"contentUrl\":\"https:\\\/\\\/clusterhabitat.pt\\\/wp-content\\\/uploads\\\/2024\\\/01\\\/cropped-Cluster-Logo.png\",\"width\":203,\"height\":40,\"caption\":\"Cluster Habitat Sustent\u00e1vel\"},\"image\":{\"@id\":\"https:\\\/\\\/clusterhabitat.pt\\\/#\\\/schema\\\/logo\\\/image\\\/\"},\"sameAs\":[\"https:\\\/\\\/www.facebook.com\\\/clusterhabitat\",\"https:\\\/\\\/x.com\\\/ClusterHabitat\",\"https:\\\/\\\/www.linkedin.com\\\/company\\\/associao-plataforma-para-a-construo-sustentvel\\\/\"]}]}<\/script>\n<!-- \/ Yoast SEO plugin. -->","yoast_head_json":{"title":"Jos\u00e9 Manuel de \u00c1vila e Sousa - Cluster Habitat Sustent\u00e1vel","robots":{"index":"index","follow":"follow","max-snippet":"max-snippet:-1","max-image-preview":"max-image-preview:large","max-video-preview":"max-video-preview:-1"},"canonical":"https:\/\/clusterhabitat.pt\/en\/orgao-social\/jose-manuel-de-avila-e-sousa\/","og_locale":"en_US","og_type":"article","og_title":"Jos\u00e9 Manuel de \u00c1vila e Sousa - Cluster Habitat Sustent\u00e1vel","og_description":"Jos\u00e9 \u00c1vila e Sousa, who has a degree in Civil Engineering from the University of Coimbra, has consolidated his training by taking part in seminars, conferences and international events, maintaining close contact with the scientific community. He currently holds the position of Technical Director of the Preceram Group, and is also responsible for the Communication [&hellip;]","og_url":"https:\/\/clusterhabitat.pt\/en\/orgao-social\/jose-manuel-de-avila-e-sousa\/","og_site_name":"Cluster Habitat Sustent\u00e1vel","article_publisher":"https:\/\/www.facebook.com\/clusterhabitat","article_modified_time":"2026-01-12T15:48:47+00:00","og_image":[{"width":381,"height":382,"url":"https:\/\/clusterhabitat.pt\/wp-content\/uploads\/2024\/02\/avila.jpg","type":"image\/jpeg"}],"twitter_card":"summary_large_image","twitter_site":"@ClusterHabitat","twitter_misc":{"Est. reading time":"1 minute"},"schema":{"@context":"https:\/\/schema.org","@graph":[{"@type":"WebPage","@id":"https:\/\/clusterhabitat.pt\/en\/orgao-social\/jose-manuel-de-avila-e-sousa\/","url":"https:\/\/clusterhabitat.pt\/en\/orgao-social\/jose-manuel-de-avila-e-sousa\/","name":"Jos\u00e9 Manuel de \u00c1vila e Sousa - Cluster Habitat Sustent\u00e1vel","isPartOf":{"@id":"https:\/\/clusterhabitat.pt\/#website"},"primaryImageOfPage":{"@id":"https:\/\/clusterhabitat.pt\/en\/orgao-social\/jose-manuel-de-avila-e-sousa\/#primaryimage"},"image":{"@id":"https:\/\/clusterhabitat.pt\/en\/orgao-social\/jose-manuel-de-avila-e-sousa\/#primaryimage"},"thumbnailUrl":"https:\/\/clusterhabitat.pt\/wp-content\/uploads\/2024\/02\/avila.jpg","datePublished":"2024-02-09T08:41:39+00:00","dateModified":"2026-01-12T15:48:47+00:00","breadcrumb":{"@id":"https:\/\/clusterhabitat.pt\/en\/orgao-social\/jose-manuel-de-avila-e-sousa\/#breadcrumb"},"inLanguage":"en-US","potentialAction":[{"@type":"ReadAction","target":["https:\/\/clusterhabitat.pt\/en\/orgao-social\/jose-manuel-de-avila-e-sousa\/"]}]},{"@type":"ImageObject","inLanguage":"en-US","@id":"https:\/\/clusterhabitat.pt\/en\/orgao-social\/jose-manuel-de-avila-e-sousa\/#primaryimage","url":"https:\/\/clusterhabitat.pt\/wp-content\/uploads\/2024\/02\/avila.jpg","contentUrl":"https:\/\/clusterhabitat.pt\/wp-content\/uploads\/2024\/02\/avila.jpg","width":381,"height":382},{"@type":"BreadcrumbList","@id":"https:\/\/clusterhabitat.pt\/en\/orgao-social\/jose-manuel-de-avila-e-sousa\/#breadcrumb","itemListElement":[{"@type":"ListItem","position":1,"name":"In\u00edcio","item":"https:\/\/clusterhabitat.pt\/en\/"},{"@type":"ListItem","position":2,"name":"Jos\u00e9 Manuel de \u00c1vila e Sousa"}]},{"@type":"WebSite","@id":"https:\/\/clusterhabitat.pt\/#website","url":"https:\/\/clusterhabitat.pt\/","name":"Cluster Habitat Sustent\u00e1vel","description":"","publisher":{"@id":"https:\/\/clusterhabitat.pt\/#organization"},"potentialAction":[{"@type":"SearchAction","target":{"@type":"EntryPoint","urlTemplate":"https:\/\/clusterhabitat.pt\/?s={search_term_string}"},"query-input":{"@type":"PropertyValueSpecification","valueRequired":true,"valueName":"search_term_string"}}],"inLanguage":"en-US"},{"@type":"Organization","@id":"https:\/\/clusterhabitat.pt\/#organization","name":"Cluster Habitat Sustent\u00e1vel","url":"https:\/\/clusterhabitat.pt\/","logo":{"@type":"ImageObject","inLanguage":"en-US","@id":"https:\/\/clusterhabitat.pt\/#\/schema\/logo\/image\/","url":"https:\/\/clusterhabitat.pt\/wp-content\/uploads\/2024\/01\/cropped-Cluster-Logo.png","contentUrl":"https:\/\/clusterhabitat.pt\/wp-content\/uploads\/2024\/01\/cropped-Cluster-Logo.png","width":203,"height":40,"caption":"Cluster Habitat Sustent\u00e1vel"},"image":{"@id":"https:\/\/clusterhabitat.pt\/#\/schema\/logo\/image\/"},"sameAs":["https:\/\/www.facebook.com\/clusterhabitat","https:\/\/x.com\/ClusterHabitat","https:\/\/www.linkedin.com\/company\/associao-plataforma-para-a-construo-sustentvel\/"]}]}},"_links":{"self":[{"href":"https:\/\/clusterhabitat.pt\/en\/wp-json\/wp\/v2\/orgao_social\/4255","targetHints":{"allow":["GET"]}}],"collection":[{"href":"https:\/\/clusterhabitat.pt\/en\/wp-json\/wp\/v2\/orgao_social"}],"about":[{"href":"https:\/\/clusterhabitat.pt\/en\/wp-json\/wp\/v2\/types\/orgao_social"}],"wp:featuredmedia":[{"embeddable":true,"href":"https:\/\/clusterhabitat.pt\/en\/wp-json\/wp\/v2\/media\/1212"}],"wp:attachment":[{"href":"https:\/\/clusterhabitat.pt\/en\/wp-json\/wp\/v2\/media?parent=4255"}],"wp:term":[{"taxonomy":"tipo_orgao_social","embeddable":true,"href":"https:\/\/clusterhabitat.pt\/en\/wp-json\/wp\/v2\/tipo_orgao_social?post=4255"}],"curies":[{"name":"wp","href":"https:\/\/api.w.org\/{rel}","templated":true}]}}

José Manuel de Ávila e Sousa

<p>José Ávila e Sousa, who has a degree in Civil Engineering from the University of Coimbra, has consolidated his training by taking part in seminars, conferences and international events, maintaining close contact with the scientific community.</p>
<p>He currently holds the position of Technical Director of the Preceram Group, and is also responsible for the Communication and Image Department. Enthusiastic about sustainability and innovation in the field of construction products, he also coordinates the research and development of new products at various companies in the group, including Gyptec Ibérica and Argex.</p>

<!-- This site is optimized with the Yoast SEO plugin v27.5 - https://yoast.com/product/yoast-seo-wordpress/ -->
<title>José Manuel de Ávila e Sousa - Cluster Habitat Sustentável</title>
<meta name="robots" content="index, follow, max-snippet:-1, max-image-preview:large, max-video-preview:-1" />
<link rel="canonical" href="https://clusterhabitat.pt/en/orgao-social/jose-manuel-de-avila-e-sousa/" />
<meta property="og:locale" content="en_US" />
<meta property="og:type" content="article" />
<meta property="og:title" content="José Manuel de Ávila e Sousa - Cluster Habitat Sustentável" />
<meta property="og:description" content="José Ávila e Sousa, who has a degree in Civil Engineering from the University of Coimbra, has consolidated his training by taking part in seminars, conferences and international events, maintaining close contact with the scientific community. He currently holds the position of Technical Director of the Preceram Group, and is also responsible for the Communication [&hellip;]" />
<meta property="og:url" content="https://clusterhabitat.pt/en/orgao-social/jose-manuel-de-avila-e-sousa/" />
<meta property="og:site_name" content="Cluster Habitat Sustentável" />
<meta property="article:publisher" content="https://www.facebook.com/clusterhabitat" />
<meta property="article:modified_time" content="2026-01-12T15:48:47+00:00" />
<meta property="og:image" content="https://clusterhabitat.pt/wp-content/uploads/2024/02/avila.jpg" />
	<meta property="og:image:width" content="381" />
	<meta property="og:image:height" content="382" />
	<meta property="og:image:type" content="image/jpeg" />
<meta name="twitter:card" content="summary_large_image" />
<meta name="twitter:site" content="@ClusterHabitat" />
<meta name="twitter:label1" content="Est. reading time" />
	<meta name="twitter:data1" content="1 minute" />
<script type="application/ld+json" class="yoast-schema-graph">{"@context":"https:\/\/schema.org","@graph":[{"@type":"WebPage","@id":"https:\/\/clusterhabitat.pt\/en\/orgao-social\/jose-manuel-de-avila-e-sousa\/","url":"https:\/\/clusterhabitat.pt\/en\/orgao-social\/jose-manuel-de-avila-e-sousa\/","name":"José Manuel de Ávila e Sousa - Cluster Habitat Sustentável","isPartOf":{"@id":"https:\/\/clusterhabitat.pt\/#website"},"primaryImageOfPage":{"@id":"https:\/\/clusterhabitat.pt\/en\/orgao-social\/jose-manuel-de-avila-e-sousa\/#primaryimage"},"image":{"@id":"https:\/\/clusterhabitat.pt\/en\/orgao-social\/jose-manuel-de-avila-e-sousa\/#primaryimage"},"thumbnailUrl":"https:\/\/clusterhabitat.pt\/wp-content\/uploads\/2024\/02\/avila.jpg","datePublished":"2024-02-09T08:41:39+00:00","dateModified":"2026-01-12T15:48:47+00:00","breadcrumb":{"@id":"https:\/\/clusterhabitat.pt\/en\/orgao-social\/jose-manuel-de-avila-e-sousa\/#breadcrumb"},"inLanguage":"en-US","potentialAction":[{"@type":"ReadAction","target":["https:\/\/clusterhabitat.pt\/en\/orgao-social\/jose-manuel-de-avila-e-sousa\/"]}]},{"@type":"ImageObject","inLanguage":"en-US","@id":"https:\/\/clusterhabitat.pt\/en\/orgao-social\/jose-manuel-de-avila-e-sousa\/#primaryimage","url":"https:\/\/clusterhabitat.pt\/wp-content\/uploads\/2024\/02\/avila.jpg","contentUrl":"https:\/\/clusterhabitat.pt\/wp-content\/uploads\/2024\/02\/avila.jpg","width":381,"height":382},{"@type":"BreadcrumbList","@id":"https:\/\/clusterhabitat.pt\/en\/orgao-social\/jose-manuel-de-avila-e-sousa\/#breadcrumb","itemListElement":[{"@type":"ListItem","position":1,"name":"Início","item":"https:\/\/clusterhabitat.pt\/en\/"},{"@type":"ListItem","position":2,"name":"José Manuel de Ávila e Sousa"}]},{"@type":"WebSite","@id":"https:\/\/clusterhabitat.pt\/#website","url":"https:\/\/clusterhabitat.pt\/","name":"Cluster Habitat Sustentável","description":"","publisher":{"@id":"https:\/\/clusterhabitat.pt\/#organization"},"potentialAction":[{"@type":"SearchAction","target":{"@type":"EntryPoint","urlTemplate":"https:\/\/clusterhabitat.pt\/?s={search_term_string}"},"query-input":{"@type":"PropertyValueSpecification","valueRequired":true,"valueName":"search_term_string"}}],"inLanguage":"en-US"},{"@type":"Organization","@id":"https:\/\/clusterhabitat.pt\/#organization","name":"Cluster Habitat Sustentável","url":"https:\/\/clusterhabitat.pt\/","logo":{"@type":"ImageObject","inLanguage":"en-US","@id":"https:\/\/clusterhabitat.pt\/#\/schema\/logo\/image\/","url":"https:\/\/clusterhabitat.pt\/wp-content\/uploads\/2024\/01\/cropped-Cluster-Logo.png","contentUrl":"https:\/\/clusterhabitat.pt\/wp-content\/uploads\/2024\/01\/cropped-Cluster-Logo.png","width":203,"height":40,"caption":"Cluster Habitat Sustentável"},"image":{"@id":"https:\/\/clusterhabitat.pt\/#\/schema\/logo\/image\/"},"sameAs":["https:\/\/www.facebook.com\/clusterhabitat","https:\/\/x.com\/ClusterHabitat","https:\/\/www.linkedin.com\/company\/associao-plataforma-para-a-construo-sustentvel\/"]}]}</script>
<!-- / Yoast SEO plugin. -->

José Manuel de Ávila e Sousa - Cluster Habitat Sustentável

José Ávila e Sousa, who has a degree in Civil Engineering from the University of Coimbra, has consolidated his training by taking part in seminars, conferences and international events, maintaining close contact with the scientific community. He currently holds the position of Technical Director of the Preceram Group, and is also responsible for the Communication [&hellip;]

Cluster Habitat Sustentável

Início
