{"id":4257,"date":"2024-02-09T11:16:26","date_gmt":"2024-02-09T11:16:26","guid":{"rendered":"https:\/\/clusterhabitat.pt\/orgao-social\/antonio-manuel-baio-dias\/"},"modified":"2026-01-12T15:55:25","modified_gmt":"2026-01-12T15:55:25","slug":"antonio-manuel-baio-dias","status":"publish","type":"orgao_social","link":"https:\/\/clusterhabitat.pt\/en\/orgao-social\/antonio-manuel-baio-dias\/","title":{"rendered":"Ant\u00f3nio Manuel Baio Dias"},"content":{"rendered":"<p>Ant\u00f3nio Baio Dias holds a master&#8217;s degree in Mechanical Engineering Science from the University of Coimbra. He has been an employee of the Ceramics and Glass Technology Centre since 1989 and is currently its General Director. He has been a board member of Cluster Habitat Sustent\u00e1vel since 2007. He is a member of the Administrators Board of ECO Platform, the European platform for operators of Environmental Product Declarations, representing the Platform for Sustainable Construction.<\/p>\n","protected":false},"featured_media":13272,"template":"","tipo_orgao_social":[65],"class_list":["post-4257","orgao_social","type-orgao_social","status-publish","has-post-thumbnail","hentry","tipo_orgao_social-management"],"yoast_head":"<!-- This site is optimized with the Yoast SEO plugin v27.5 - https:\/\/yoast.com\/product\/yoast-seo-wordpress\/ -->\n<title>Ant\u00f3nio Manuel Baio Dias - Cluster Habitat Sustent\u00e1vel<\/title>\n<meta name=\"robots\" content=\"index, follow, max-snippet:-1, max-image-preview:large, max-video-preview:-1\" \/>\n<link rel=\"canonical\" href=\"https:\/\/clusterhabitat.pt\/en\/orgao-social\/antonio-manuel-baio-dias\/\" \/>\n<meta property=\"og:locale\" content=\"en_US\" \/>\n<meta property=\"og:type\" content=\"article\" \/>\n<meta property=\"og:title\" content=\"Ant\u00f3nio Manuel Baio Dias - Cluster Habitat Sustent\u00e1vel\" \/>\n<meta property=\"og:description\" content=\"Ant\u00f3nio Baio Dias holds a master&#8217;s degree in Mechanical Engineering Science from the University of Coimbra. He has been an employee of the Ceramics and Glass Technology Centre since 1989 and is currently its General Director. He has been a board member of Cluster Habitat Sustent\u00e1vel since 2007. He is a member of the Administrators [&hellip;]\" \/>\n<meta property=\"og:url\" content=\"https:\/\/clusterhabitat.pt\/en\/orgao-social\/antonio-manuel-baio-dias\/\" \/>\n<meta property=\"og:site_name\" content=\"Cluster Habitat Sustent\u00e1vel\" \/>\n<meta property=\"article:publisher\" content=\"https:\/\/www.facebook.com\/clusterhabitat\" \/>\n<meta property=\"article:modified_time\" content=\"2026-01-12T15:55:25+00:00\" \/>\n<meta property=\"og:image\" content=\"https:\/\/clusterhabitat.pt\/wp-content\/uploads\/2024\/02\/1614446180374.jpeg\" \/>\n\t<meta property=\"og:image:width\" content=\"396\" \/>\n\t<meta property=\"og:image:height\" content=\"396\" \/>\n\t<meta property=\"og:image:type\" content=\"image\/jpeg\" \/>\n<meta name=\"twitter:card\" content=\"summary_large_image\" \/>\n<meta name=\"twitter:site\" content=\"@ClusterHabitat\" \/>\n<meta name=\"twitter:label1\" content=\"Est. reading time\" \/>\n\t<meta name=\"twitter:data1\" content=\"1 minute\" \/>\n<script type=\"application\/ld+json\" class=\"yoast-schema-graph\">{\"@context\":\"https:\\\/\\\/schema.org\",\"@graph\":[{\"@type\":\"WebPage\",\"@id\":\"https:\\\/\\\/clusterhabitat.pt\\\/en\\\/orgao-social\\\/antonio-manuel-baio-dias\\\/\",\"url\":\"https:\\\/\\\/clusterhabitat.pt\\\/en\\\/orgao-social\\\/antonio-manuel-baio-dias\\\/\",\"name\":\"Ant\u00f3nio Manuel Baio Dias - Cluster Habitat Sustent\u00e1vel\",\"isPartOf\":{\"@id\":\"https:\\\/\\\/clusterhabitat.pt\\\/#website\"},\"primaryImageOfPage\":{\"@id\":\"https:\\\/\\\/clusterhabitat.pt\\\/en\\\/orgao-social\\\/antonio-manuel-baio-dias\\\/#primaryimage\"},\"image\":{\"@id\":\"https:\\\/\\\/clusterhabitat.pt\\\/en\\\/orgao-social\\\/antonio-manuel-baio-dias\\\/#primaryimage\"},\"thumbnailUrl\":\"https:\\\/\\\/clusterhabitat.pt\\\/wp-content\\\/uploads\\\/2024\\\/02\\\/6a8fbaf5-a4f5-46ba-9a03-9dcd56601a73.jpg\",\"datePublished\":\"2024-02-09T11:16:26+00:00\",\"dateModified\":\"2026-01-12T15:55:25+00:00\",\"breadcrumb\":{\"@id\":\"https:\\\/\\\/clusterhabitat.pt\\\/en\\\/orgao-social\\\/antonio-manuel-baio-dias\\\/#breadcrumb\"},\"inLanguage\":\"en-US\",\"potentialAction\":[{\"@type\":\"ReadAction\",\"target\":[\"https:\\\/\\\/clusterhabitat.pt\\\/en\\\/orgao-social\\\/antonio-manuel-baio-dias\\\/\"]}]},{\"@type\":\"ImageObject\",\"inLanguage\":\"en-US\",\"@id\":\"https:\\\/\\\/clusterhabitat.pt\\\/en\\\/orgao-social\\\/antonio-manuel-baio-dias\\\/#primaryimage\",\"url\":\"https:\\\/\\\/clusterhabitat.pt\\\/wp-content\\\/uploads\\\/2024\\\/02\\\/6a8fbaf5-a4f5-46ba-9a03-9dcd56601a73.jpg\",\"contentUrl\":\"https:\\\/\\\/clusterhabitat.pt\\\/wp-content\\\/uploads\\\/2024\\\/02\\\/6a8fbaf5-a4f5-46ba-9a03-9dcd56601a73.jpg\",\"width\":800,\"height\":534},{\"@type\":\"BreadcrumbList\",\"@id\":\"https:\\\/\\\/clusterhabitat.pt\\\/en\\\/orgao-social\\\/antonio-manuel-baio-dias\\\/#breadcrumb\",\"itemListElement\":[{\"@type\":\"ListItem\",\"position\":1,\"name\":\"In\u00edcio\",\"item\":\"https:\\\/\\\/clusterhabitat.pt\\\/en\\\/\"},{\"@type\":\"ListItem\",\"position\":2,\"name\":\"Ant\u00f3nio Manuel Baio Dias\"}]},{\"@type\":\"WebSite\",\"@id\":\"https:\\\/\\\/clusterhabitat.pt\\\/#website\",\"url\":\"https:\\\/\\\/clusterhabitat.pt\\\/\",\"name\":\"Cluster Habitat Sustent\u00e1vel\",\"description\":\"\",\"publisher\":{\"@id\":\"https:\\\/\\\/clusterhabitat.pt\\\/#organization\"},\"potentialAction\":[{\"@type\":\"SearchAction\",\"target\":{\"@type\":\"EntryPoint\",\"urlTemplate\":\"https:\\\/\\\/clusterhabitat.pt\\\/?s={search_term_string}\"},\"query-input\":{\"@type\":\"PropertyValueSpecification\",\"valueRequired\":true,\"valueName\":\"search_term_string\"}}],\"inLanguage\":\"en-US\"},{\"@type\":\"Organization\",\"@id\":\"https:\\\/\\\/clusterhabitat.pt\\\/#organization\",\"name\":\"Cluster Habitat Sustent\u00e1vel\",\"url\":\"https:\\\/\\\/clusterhabitat.pt\\\/\",\"logo\":{\"@type\":\"ImageObject\",\"inLanguage\":\"en-US\",\"@id\":\"https:\\\/\\\/clusterhabitat.pt\\\/#\\\/schema\\\/logo\\\/image\\\/\",\"url\":\"https:\\\/\\\/clusterhabitat.pt\\\/wp-content\\\/uploads\\\/2024\\\/01\\\/cropped-Cluster-Logo.png\",\"contentUrl\":\"https:\\\/\\\/clusterhabitat.pt\\\/wp-content\\\/uploads\\\/2024\\\/01\\\/cropped-Cluster-Logo.png\",\"width\":203,\"height\":40,\"caption\":\"Cluster Habitat Sustent\u00e1vel\"},\"image\":{\"@id\":\"https:\\\/\\\/clusterhabitat.pt\\\/#\\\/schema\\\/logo\\\/image\\\/\"},\"sameAs\":[\"https:\\\/\\\/www.facebook.com\\\/clusterhabitat\",\"https:\\\/\\\/x.com\\\/ClusterHabitat\",\"https:\\\/\\\/www.linkedin.com\\\/company\\\/associao-plataforma-para-a-construo-sustentvel\\\/\"]}]}<\/script>\n<!-- \/ Yoast SEO plugin. -->","yoast_head_json":{"title":"Ant\u00f3nio Manuel Baio Dias - Cluster Habitat Sustent\u00e1vel","robots":{"index":"index","follow":"follow","max-snippet":"max-snippet:-1","max-image-preview":"max-image-preview:large","max-video-preview":"max-video-preview:-1"},"canonical":"https:\/\/clusterhabitat.pt\/en\/orgao-social\/antonio-manuel-baio-dias\/","og_locale":"en_US","og_type":"article","og_title":"Ant\u00f3nio Manuel Baio Dias - Cluster Habitat Sustent\u00e1vel","og_description":"Ant\u00f3nio Baio Dias holds a master&#8217;s degree in Mechanical Engineering Science from the University of Coimbra. He has been an employee of the Ceramics and Glass Technology Centre since 1989 and is currently its General Director. He has been a board member of Cluster Habitat Sustent\u00e1vel since 2007. He is a member of the Administrators [&hellip;]","og_url":"https:\/\/clusterhabitat.pt\/en\/orgao-social\/antonio-manuel-baio-dias\/","og_site_name":"Cluster Habitat Sustent\u00e1vel","article_publisher":"https:\/\/www.facebook.com\/clusterhabitat","article_modified_time":"2026-01-12T15:55:25+00:00","og_image":[{"width":396,"height":396,"url":"https:\/\/clusterhabitat.pt\/wp-content\/uploads\/2024\/02\/1614446180374.jpeg","type":"image\/jpeg"}],"twitter_card":"summary_large_image","twitter_site":"@ClusterHabitat","twitter_misc":{"Est. reading time":"1 minute"},"schema":{"@context":"https:\/\/schema.org","@graph":[{"@type":"WebPage","@id":"https:\/\/clusterhabitat.pt\/en\/orgao-social\/antonio-manuel-baio-dias\/","url":"https:\/\/clusterhabitat.pt\/en\/orgao-social\/antonio-manuel-baio-dias\/","name":"Ant\u00f3nio Manuel Baio Dias - Cluster Habitat Sustent\u00e1vel","isPartOf":{"@id":"https:\/\/clusterhabitat.pt\/#website"},"primaryImageOfPage":{"@id":"https:\/\/clusterhabitat.pt\/en\/orgao-social\/antonio-manuel-baio-dias\/#primaryimage"},"image":{"@id":"https:\/\/clusterhabitat.pt\/en\/orgao-social\/antonio-manuel-baio-dias\/#primaryimage"},"thumbnailUrl":"https:\/\/clusterhabitat.pt\/wp-content\/uploads\/2024\/02\/6a8fbaf5-a4f5-46ba-9a03-9dcd56601a73.jpg","datePublished":"2024-02-09T11:16:26+00:00","dateModified":"2026-01-12T15:55:25+00:00","breadcrumb":{"@id":"https:\/\/clusterhabitat.pt\/en\/orgao-social\/antonio-manuel-baio-dias\/#breadcrumb"},"inLanguage":"en-US","potentialAction":[{"@type":"ReadAction","target":["https:\/\/clusterhabitat.pt\/en\/orgao-social\/antonio-manuel-baio-dias\/"]}]},{"@type":"ImageObject","inLanguage":"en-US","@id":"https:\/\/clusterhabitat.pt\/en\/orgao-social\/antonio-manuel-baio-dias\/#primaryimage","url":"https:\/\/clusterhabitat.pt\/wp-content\/uploads\/2024\/02\/6a8fbaf5-a4f5-46ba-9a03-9dcd56601a73.jpg","contentUrl":"https:\/\/clusterhabitat.pt\/wp-content\/uploads\/2024\/02\/6a8fbaf5-a4f5-46ba-9a03-9dcd56601a73.jpg","width":800,"height":534},{"@type":"BreadcrumbList","@id":"https:\/\/clusterhabitat.pt\/en\/orgao-social\/antonio-manuel-baio-dias\/#breadcrumb","itemListElement":[{"@type":"ListItem","position":1,"name":"In\u00edcio","item":"https:\/\/clusterhabitat.pt\/en\/"},{"@type":"ListItem","position":2,"name":"Ant\u00f3nio Manuel Baio Dias"}]},{"@type":"WebSite","@id":"https:\/\/clusterhabitat.pt\/#website","url":"https:\/\/clusterhabitat.pt\/","name":"Cluster Habitat Sustent\u00e1vel","description":"","publisher":{"@id":"https:\/\/clusterhabitat.pt\/#organization"},"potentialAction":[{"@type":"SearchAction","target":{"@type":"EntryPoint","urlTemplate":"https:\/\/clusterhabitat.pt\/?s={search_term_string}"},"query-input":{"@type":"PropertyValueSpecification","valueRequired":true,"valueName":"search_term_string"}}],"inLanguage":"en-US"},{"@type":"Organization","@id":"https:\/\/clusterhabitat.pt\/#organization","name":"Cluster Habitat Sustent\u00e1vel","url":"https:\/\/clusterhabitat.pt\/","logo":{"@type":"ImageObject","inLanguage":"en-US","@id":"https:\/\/clusterhabitat.pt\/#\/schema\/logo\/image\/","url":"https:\/\/clusterhabitat.pt\/wp-content\/uploads\/2024\/01\/cropped-Cluster-Logo.png","contentUrl":"https:\/\/clusterhabitat.pt\/wp-content\/uploads\/2024\/01\/cropped-Cluster-Logo.png","width":203,"height":40,"caption":"Cluster Habitat Sustent\u00e1vel"},"image":{"@id":"https:\/\/clusterhabitat.pt\/#\/schema\/logo\/image\/"},"sameAs":["https:\/\/www.facebook.com\/clusterhabitat","https:\/\/x.com\/ClusterHabitat","https:\/\/www.linkedin.com\/company\/associao-plataforma-para-a-construo-sustentvel\/"]}]}},"_links":{"self":[{"href":"https:\/\/clusterhabitat.pt\/en\/wp-json\/wp\/v2\/orgao_social\/4257","targetHints":{"allow":["GET"]}}],"collection":[{"href":"https:\/\/clusterhabitat.pt\/en\/wp-json\/wp\/v2\/orgao_social"}],"about":[{"href":"https:\/\/clusterhabitat.pt\/en\/wp-json\/wp\/v2\/types\/orgao_social"}],"wp:featuredmedia":[{"embeddable":true,"href":"https:\/\/clusterhabitat.pt\/en\/wp-json\/wp\/v2\/media\/13272"}],"wp:attachment":[{"href":"https:\/\/clusterhabitat.pt\/en\/wp-json\/wp\/v2\/media?parent=4257"}],"wp:term":[{"taxonomy":"tipo_orgao_social","embeddable":true,"href":"https:\/\/clusterhabitat.pt\/en\/wp-json\/wp\/v2\/tipo_orgao_social?post=4257"}],"curies":[{"name":"wp","href":"https:\/\/api.w.org\/{rel}","templated":true}]}}

António Manuel Baio Dias

<p>António Baio Dias holds a master&#8217;s degree in Mechanical Engineering Science from the University of Coimbra. He has been an employee of the Ceramics and Glass Technology Centre since 1989 and is currently its General Director. He has been a board member of Cluster Habitat Sustentável since 2007. He is a member of the Administrators Board of ECO Platform, the European platform for operators of Environmental Product Declarations, representing the Platform for Sustainable Construction.</p>

<!-- This site is optimized with the Yoast SEO plugin v27.5 - https://yoast.com/product/yoast-seo-wordpress/ -->
<title>António Manuel Baio Dias - Cluster Habitat Sustentável</title>
<meta name="robots" content="index, follow, max-snippet:-1, max-image-preview:large, max-video-preview:-1" />
<link rel="canonical" href="https://clusterhabitat.pt/en/orgao-social/antonio-manuel-baio-dias/" />
<meta property="og:locale" content="en_US" />
<meta property="og:type" content="article" />
<meta property="og:title" content="António Manuel Baio Dias - Cluster Habitat Sustentável" />
<meta property="og:description" content="António Baio Dias holds a master&#8217;s degree in Mechanical Engineering Science from the University of Coimbra. He has been an employee of the Ceramics and Glass Technology Centre since 1989 and is currently its General Director. He has been a board member of Cluster Habitat Sustentável since 2007. He is a member of the Administrators [&hellip;]" />
<meta property="og:url" content="https://clusterhabitat.pt/en/orgao-social/antonio-manuel-baio-dias/" />
<meta property="og:site_name" content="Cluster Habitat Sustentável" />
<meta property="article:publisher" content="https://www.facebook.com/clusterhabitat" />
<meta property="article:modified_time" content="2026-01-12T15:55:25+00:00" />
<meta property="og:image" content="https://clusterhabitat.pt/wp-content/uploads/2024/02/1614446180374.jpeg" />
	<meta property="og:image:width" content="396" />
	<meta property="og:image:height" content="396" />
	<meta property="og:image:type" content="image/jpeg" />
<meta name="twitter:card" content="summary_large_image" />
<meta name="twitter:site" content="@ClusterHabitat" />
<meta name="twitter:label1" content="Est. reading time" />
	<meta name="twitter:data1" content="1 minute" />
<script type="application/ld+json" class="yoast-schema-graph">{"@context":"https:\/\/schema.org","@graph":[{"@type":"WebPage","@id":"https:\/\/clusterhabitat.pt\/en\/orgao-social\/antonio-manuel-baio-dias\/","url":"https:\/\/clusterhabitat.pt\/en\/orgao-social\/antonio-manuel-baio-dias\/","name":"António Manuel Baio Dias - Cluster Habitat Sustentável","isPartOf":{"@id":"https:\/\/clusterhabitat.pt\/#website"},"primaryImageOfPage":{"@id":"https:\/\/clusterhabitat.pt\/en\/orgao-social\/antonio-manuel-baio-dias\/#primaryimage"},"image":{"@id":"https:\/\/clusterhabitat.pt\/en\/orgao-social\/antonio-manuel-baio-dias\/#primaryimage"},"thumbnailUrl":"https:\/\/clusterhabitat.pt\/wp-content\/uploads\/2024\/02\/6a8fbaf5-a4f5-46ba-9a03-9dcd56601a73.jpg","datePublished":"2024-02-09T11:16:26+00:00","dateModified":"2026-01-12T15:55:25+00:00","breadcrumb":{"@id":"https:\/\/clusterhabitat.pt\/en\/orgao-social\/antonio-manuel-baio-dias\/#breadcrumb"},"inLanguage":"en-US","potentialAction":[{"@type":"ReadAction","target":["https:\/\/clusterhabitat.pt\/en\/orgao-social\/antonio-manuel-baio-dias\/"]}]},{"@type":"ImageObject","inLanguage":"en-US","@id":"https:\/\/clusterhabitat.pt\/en\/orgao-social\/antonio-manuel-baio-dias\/#primaryimage","url":"https:\/\/clusterhabitat.pt\/wp-content\/uploads\/2024\/02\/6a8fbaf5-a4f5-46ba-9a03-9dcd56601a73.jpg","contentUrl":"https:\/\/clusterhabitat.pt\/wp-content\/uploads\/2024\/02\/6a8fbaf5-a4f5-46ba-9a03-9dcd56601a73.jpg","width":800,"height":534},{"@type":"BreadcrumbList","@id":"https:\/\/clusterhabitat.pt\/en\/orgao-social\/antonio-manuel-baio-dias\/#breadcrumb","itemListElement":[{"@type":"ListItem","position":1,"name":"Início","item":"https:\/\/clusterhabitat.pt\/en\/"},{"@type":"ListItem","position":2,"name":"António Manuel Baio Dias"}]},{"@type":"WebSite","@id":"https:\/\/clusterhabitat.pt\/#website","url":"https:\/\/clusterhabitat.pt\/","name":"Cluster Habitat Sustentável","description":"","publisher":{"@id":"https:\/\/clusterhabitat.pt\/#organization"},"potentialAction":[{"@type":"SearchAction","target":{"@type":"EntryPoint","urlTemplate":"https:\/\/clusterhabitat.pt\/?s={search_term_string}"},"query-input":{"@type":"PropertyValueSpecification","valueRequired":true,"valueName":"search_term_string"}}],"inLanguage":"en-US"},{"@type":"Organization","@id":"https:\/\/clusterhabitat.pt\/#organization","name":"Cluster Habitat Sustentável","url":"https:\/\/clusterhabitat.pt\/","logo":{"@type":"ImageObject","inLanguage":"en-US","@id":"https:\/\/clusterhabitat.pt\/#\/schema\/logo\/image\/","url":"https:\/\/clusterhabitat.pt\/wp-content\/uploads\/2024\/01\/cropped-Cluster-Logo.png","contentUrl":"https:\/\/clusterhabitat.pt\/wp-content\/uploads\/2024\/01\/cropped-Cluster-Logo.png","width":203,"height":40,"caption":"Cluster Habitat Sustentável"},"image":{"@id":"https:\/\/clusterhabitat.pt\/#\/schema\/logo\/image\/"},"sameAs":["https:\/\/www.facebook.com\/clusterhabitat","https:\/\/x.com\/ClusterHabitat","https:\/\/www.linkedin.com\/company\/associao-plataforma-para-a-construo-sustentvel\/"]}]}</script>
<!-- / Yoast SEO plugin. -->

António Manuel Baio Dias - Cluster Habitat Sustentável

António Baio Dias holds a master&#8217;s degree in Mechanical Engineering Science from the University of Coimbra. He has been an employee of the Ceramics and Glass Technology Centre since 1989 and is currently its General Director. He has been a board member of Cluster Habitat Sustentável since 2007. He is a member of the Administrators [&hellip;]

Cluster Habitat Sustentável

Início
