{"id":4263,"date":"2024-02-14T17:11:08","date_gmt":"2024-02-14T17:11:08","guid":{"rendered":"https:\/\/clusterhabitat.pt\/orgao-social\/silvino-dias-capitao\/"},"modified":"2024-03-26T17:15:30","modified_gmt":"2024-03-26T17:15:30","slug":"silvino-dias-capitao","status":"publish","type":"orgao_social","link":"https:\/\/clusterhabitat.pt\/en\/orgao-social\/silvino-dias-capitao\/","title":{"rendered":"Silvino Dias Capit\u00e3o"},"content":{"rendered":"<p>Silvino Capit\u00e3o is a Civil Engineer, a specialist in Transport and Roads by the Portuguese Order of Engineers, a doctorate from the University of Coimbra in Civil Engineering, in the speciality of Urbanism, Spatial Planning and Transport, and a postgraduate in management (Executive MBA).<\/p>\n<p>He has been a professor at the Instituto Superior de Engenharia de Coimbra (ISEC), an organisational unit of the Instituto Polit\u00e9cnico de Coimbra (IPC) since 1993, and a research member of CERIS\/CESUR (Civil Engineering Research and Innovation for Sustainability) at the Instituto Superior T\u00e9cnico (Univ. of Lisbon) since 2011. He is currently a Coordinating Professor at IPC, ISEC in the Civil Engineering Department, where he teaches in the area of transport infrastructures and is the founder and head of the Road Pavements Laboratory (LPR).<\/p>\n<p>He has carried out R&amp;D activities within the scope of CESUR (IST-UL) and the Master&#8217;s Degree in Civil Engineering &#8211; Specialisation in Urban Construction at ISEC. He has participated in business co-operation tasks in the area of transport infrastructures, particularly in consultancy work related to road and airport paving.<\/p>\n<p>He has been ISEC&#8217;s representative in the Cluster Habitat Sustent\u00e1vel since 2007.<\/p>\n","protected":false},"featured_media":1230,"template":"","tipo_orgao_social":[67],"class_list":["post-4263","orgao_social","type-orgao_social","status-publish","has-post-thumbnail","hentry","tipo_orgao_social-general-assembly"],"yoast_head":"<!-- This site is optimized with the Yoast SEO plugin v27.5 - https:\/\/yoast.com\/product\/yoast-seo-wordpress\/ -->\n<title>Silvino Dias Capit\u00e3o - Cluster Habitat Sustent\u00e1vel<\/title>\n<meta name=\"robots\" content=\"index, follow, max-snippet:-1, max-image-preview:large, max-video-preview:-1\" \/>\n<link rel=\"canonical\" href=\"https:\/\/clusterhabitat.pt\/en\/orgao-social\/silvino-dias-capitao\/\" \/>\n<meta property=\"og:locale\" content=\"en_US\" \/>\n<meta property=\"og:type\" content=\"article\" \/>\n<meta property=\"og:title\" content=\"Silvino Dias Capit\u00e3o - Cluster Habitat Sustent\u00e1vel\" \/>\n<meta property=\"og:description\" content=\"Silvino Capit\u00e3o is a Civil Engineer, a specialist in Transport and Roads by the Portuguese Order of Engineers, a doctorate from the University of Coimbra in Civil Engineering, in the speciality of Urbanism, Spatial Planning and Transport, and a postgraduate in management (Executive MBA). He has been a professor at the Instituto Superior de Engenharia [&hellip;]\" \/>\n<meta property=\"og:url\" content=\"https:\/\/clusterhabitat.pt\/en\/orgao-social\/silvino-dias-capitao\/\" \/>\n<meta property=\"og:site_name\" content=\"Cluster Habitat Sustent\u00e1vel\" \/>\n<meta property=\"article:publisher\" content=\"https:\/\/www.facebook.com\/clusterhabitat\" \/>\n<meta property=\"article:modified_time\" content=\"2024-03-26T17:15:30+00:00\" \/>\n<meta property=\"og:image\" content=\"https:\/\/clusterhabitat.pt\/wp-content\/uploads\/2024\/02\/medium_silvino.png\" \/>\n\t<meta property=\"og:image:width\" content=\"120\" \/>\n\t<meta property=\"og:image:height\" content=\"120\" \/>\n\t<meta property=\"og:image:type\" content=\"image\/png\" \/>\n<meta name=\"twitter:card\" content=\"summary_large_image\" \/>\n<meta name=\"twitter:site\" content=\"@ClusterHabitat\" \/>\n<meta name=\"twitter:label1\" content=\"Est. reading time\" \/>\n\t<meta name=\"twitter:data1\" content=\"2 minutes\" \/>\n<script type=\"application\/ld+json\" class=\"yoast-schema-graph\">{\"@context\":\"https:\\\/\\\/schema.org\",\"@graph\":[{\"@type\":\"WebPage\",\"@id\":\"https:\\\/\\\/clusterhabitat.pt\\\/en\\\/orgao-social\\\/silvino-dias-capitao\\\/\",\"url\":\"https:\\\/\\\/clusterhabitat.pt\\\/en\\\/orgao-social\\\/silvino-dias-capitao\\\/\",\"name\":\"Silvino Dias Capit\u00e3o - Cluster Habitat Sustent\u00e1vel\",\"isPartOf\":{\"@id\":\"https:\\\/\\\/clusterhabitat.pt\\\/#website\"},\"primaryImageOfPage\":{\"@id\":\"https:\\\/\\\/clusterhabitat.pt\\\/en\\\/orgao-social\\\/silvino-dias-capitao\\\/#primaryimage\"},\"image\":{\"@id\":\"https:\\\/\\\/clusterhabitat.pt\\\/en\\\/orgao-social\\\/silvino-dias-capitao\\\/#primaryimage\"},\"thumbnailUrl\":\"https:\\\/\\\/clusterhabitat.pt\\\/wp-content\\\/uploads\\\/2024\\\/02\\\/medium_silvino.png\",\"datePublished\":\"2024-02-14T17:11:08+00:00\",\"dateModified\":\"2024-03-26T17:15:30+00:00\",\"breadcrumb\":{\"@id\":\"https:\\\/\\\/clusterhabitat.pt\\\/en\\\/orgao-social\\\/silvino-dias-capitao\\\/#breadcrumb\"},\"inLanguage\":\"en-US\",\"potentialAction\":[{\"@type\":\"ReadAction\",\"target\":[\"https:\\\/\\\/clusterhabitat.pt\\\/en\\\/orgao-social\\\/silvino-dias-capitao\\\/\"]}]},{\"@type\":\"ImageObject\",\"inLanguage\":\"en-US\",\"@id\":\"https:\\\/\\\/clusterhabitat.pt\\\/en\\\/orgao-social\\\/silvino-dias-capitao\\\/#primaryimage\",\"url\":\"https:\\\/\\\/clusterhabitat.pt\\\/wp-content\\\/uploads\\\/2024\\\/02\\\/medium_silvino.png\",\"contentUrl\":\"https:\\\/\\\/clusterhabitat.pt\\\/wp-content\\\/uploads\\\/2024\\\/02\\\/medium_silvino.png\",\"width\":120,\"height\":120},{\"@type\":\"BreadcrumbList\",\"@id\":\"https:\\\/\\\/clusterhabitat.pt\\\/en\\\/orgao-social\\\/silvino-dias-capitao\\\/#breadcrumb\",\"itemListElement\":[{\"@type\":\"ListItem\",\"position\":1,\"name\":\"In\u00edcio\",\"item\":\"https:\\\/\\\/clusterhabitat.pt\\\/en\\\/\"},{\"@type\":\"ListItem\",\"position\":2,\"name\":\"Silvino Dias Capit\u00e3o\"}]},{\"@type\":\"WebSite\",\"@id\":\"https:\\\/\\\/clusterhabitat.pt\\\/#website\",\"url\":\"https:\\\/\\\/clusterhabitat.pt\\\/\",\"name\":\"Cluster Habitat Sustent\u00e1vel\",\"description\":\"\",\"publisher\":{\"@id\":\"https:\\\/\\\/clusterhabitat.pt\\\/#organization\"},\"potentialAction\":[{\"@type\":\"SearchAction\",\"target\":{\"@type\":\"EntryPoint\",\"urlTemplate\":\"https:\\\/\\\/clusterhabitat.pt\\\/?s={search_term_string}\"},\"query-input\":{\"@type\":\"PropertyValueSpecification\",\"valueRequired\":true,\"valueName\":\"search_term_string\"}}],\"inLanguage\":\"en-US\"},{\"@type\":\"Organization\",\"@id\":\"https:\\\/\\\/clusterhabitat.pt\\\/#organization\",\"name\":\"Cluster Habitat Sustent\u00e1vel\",\"url\":\"https:\\\/\\\/clusterhabitat.pt\\\/\",\"logo\":{\"@type\":\"ImageObject\",\"inLanguage\":\"en-US\",\"@id\":\"https:\\\/\\\/clusterhabitat.pt\\\/#\\\/schema\\\/logo\\\/image\\\/\",\"url\":\"https:\\\/\\\/clusterhabitat.pt\\\/wp-content\\\/uploads\\\/2024\\\/01\\\/cropped-Cluster-Logo.png\",\"contentUrl\":\"https:\\\/\\\/clusterhabitat.pt\\\/wp-content\\\/uploads\\\/2024\\\/01\\\/cropped-Cluster-Logo.png\",\"width\":203,\"height\":40,\"caption\":\"Cluster Habitat Sustent\u00e1vel\"},\"image\":{\"@id\":\"https:\\\/\\\/clusterhabitat.pt\\\/#\\\/schema\\\/logo\\\/image\\\/\"},\"sameAs\":[\"https:\\\/\\\/www.facebook.com\\\/clusterhabitat\",\"https:\\\/\\\/x.com\\\/ClusterHabitat\",\"https:\\\/\\\/www.linkedin.com\\\/company\\\/associao-plataforma-para-a-construo-sustentvel\\\/\"]}]}<\/script>\n<!-- \/ Yoast SEO plugin. -->","yoast_head_json":{"title":"Silvino Dias Capit\u00e3o - Cluster Habitat Sustent\u00e1vel","robots":{"index":"index","follow":"follow","max-snippet":"max-snippet:-1","max-image-preview":"max-image-preview:large","max-video-preview":"max-video-preview:-1"},"canonical":"https:\/\/clusterhabitat.pt\/en\/orgao-social\/silvino-dias-capitao\/","og_locale":"en_US","og_type":"article","og_title":"Silvino Dias Capit\u00e3o - Cluster Habitat Sustent\u00e1vel","og_description":"Silvino Capit\u00e3o is a Civil Engineer, a specialist in Transport and Roads by the Portuguese Order of Engineers, a doctorate from the University of Coimbra in Civil Engineering, in the speciality of Urbanism, Spatial Planning and Transport, and a postgraduate in management (Executive MBA). He has been a professor at the Instituto Superior de Engenharia [&hellip;]","og_url":"https:\/\/clusterhabitat.pt\/en\/orgao-social\/silvino-dias-capitao\/","og_site_name":"Cluster Habitat Sustent\u00e1vel","article_publisher":"https:\/\/www.facebook.com\/clusterhabitat","article_modified_time":"2024-03-26T17:15:30+00:00","og_image":[{"width":120,"height":120,"url":"https:\/\/clusterhabitat.pt\/wp-content\/uploads\/2024\/02\/medium_silvino.png","type":"image\/png"}],"twitter_card":"summary_large_image","twitter_site":"@ClusterHabitat","twitter_misc":{"Est. reading time":"2 minutes"},"schema":{"@context":"https:\/\/schema.org","@graph":[{"@type":"WebPage","@id":"https:\/\/clusterhabitat.pt\/en\/orgao-social\/silvino-dias-capitao\/","url":"https:\/\/clusterhabitat.pt\/en\/orgao-social\/silvino-dias-capitao\/","name":"Silvino Dias Capit\u00e3o - Cluster Habitat Sustent\u00e1vel","isPartOf":{"@id":"https:\/\/clusterhabitat.pt\/#website"},"primaryImageOfPage":{"@id":"https:\/\/clusterhabitat.pt\/en\/orgao-social\/silvino-dias-capitao\/#primaryimage"},"image":{"@id":"https:\/\/clusterhabitat.pt\/en\/orgao-social\/silvino-dias-capitao\/#primaryimage"},"thumbnailUrl":"https:\/\/clusterhabitat.pt\/wp-content\/uploads\/2024\/02\/medium_silvino.png","datePublished":"2024-02-14T17:11:08+00:00","dateModified":"2024-03-26T17:15:30+00:00","breadcrumb":{"@id":"https:\/\/clusterhabitat.pt\/en\/orgao-social\/silvino-dias-capitao\/#breadcrumb"},"inLanguage":"en-US","potentialAction":[{"@type":"ReadAction","target":["https:\/\/clusterhabitat.pt\/en\/orgao-social\/silvino-dias-capitao\/"]}]},{"@type":"ImageObject","inLanguage":"en-US","@id":"https:\/\/clusterhabitat.pt\/en\/orgao-social\/silvino-dias-capitao\/#primaryimage","url":"https:\/\/clusterhabitat.pt\/wp-content\/uploads\/2024\/02\/medium_silvino.png","contentUrl":"https:\/\/clusterhabitat.pt\/wp-content\/uploads\/2024\/02\/medium_silvino.png","width":120,"height":120},{"@type":"BreadcrumbList","@id":"https:\/\/clusterhabitat.pt\/en\/orgao-social\/silvino-dias-capitao\/#breadcrumb","itemListElement":[{"@type":"ListItem","position":1,"name":"In\u00edcio","item":"https:\/\/clusterhabitat.pt\/en\/"},{"@type":"ListItem","position":2,"name":"Silvino Dias Capit\u00e3o"}]},{"@type":"WebSite","@id":"https:\/\/clusterhabitat.pt\/#website","url":"https:\/\/clusterhabitat.pt\/","name":"Cluster Habitat Sustent\u00e1vel","description":"","publisher":{"@id":"https:\/\/clusterhabitat.pt\/#organization"},"potentialAction":[{"@type":"SearchAction","target":{"@type":"EntryPoint","urlTemplate":"https:\/\/clusterhabitat.pt\/?s={search_term_string}"},"query-input":{"@type":"PropertyValueSpecification","valueRequired":true,"valueName":"search_term_string"}}],"inLanguage":"en-US"},{"@type":"Organization","@id":"https:\/\/clusterhabitat.pt\/#organization","name":"Cluster Habitat Sustent\u00e1vel","url":"https:\/\/clusterhabitat.pt\/","logo":{"@type":"ImageObject","inLanguage":"en-US","@id":"https:\/\/clusterhabitat.pt\/#\/schema\/logo\/image\/","url":"https:\/\/clusterhabitat.pt\/wp-content\/uploads\/2024\/01\/cropped-Cluster-Logo.png","contentUrl":"https:\/\/clusterhabitat.pt\/wp-content\/uploads\/2024\/01\/cropped-Cluster-Logo.png","width":203,"height":40,"caption":"Cluster Habitat Sustent\u00e1vel"},"image":{"@id":"https:\/\/clusterhabitat.pt\/#\/schema\/logo\/image\/"},"sameAs":["https:\/\/www.facebook.com\/clusterhabitat","https:\/\/x.com\/ClusterHabitat","https:\/\/www.linkedin.com\/company\/associao-plataforma-para-a-construo-sustentvel\/"]}]}},"_links":{"self":[{"href":"https:\/\/clusterhabitat.pt\/en\/wp-json\/wp\/v2\/orgao_social\/4263","targetHints":{"allow":["GET"]}}],"collection":[{"href":"https:\/\/clusterhabitat.pt\/en\/wp-json\/wp\/v2\/orgao_social"}],"about":[{"href":"https:\/\/clusterhabitat.pt\/en\/wp-json\/wp\/v2\/types\/orgao_social"}],"wp:featuredmedia":[{"embeddable":true,"href":"https:\/\/clusterhabitat.pt\/en\/wp-json\/wp\/v2\/media\/1230"}],"wp:attachment":[{"href":"https:\/\/clusterhabitat.pt\/en\/wp-json\/wp\/v2\/media?parent=4263"}],"wp:term":[{"taxonomy":"tipo_orgao_social","embeddable":true,"href":"https:\/\/clusterhabitat.pt\/en\/wp-json\/wp\/v2\/tipo_orgao_social?post=4263"}],"curies":[{"name":"wp","href":"https:\/\/api.w.org\/{rel}","templated":true}]}}

Silvino Dias Capitão

<p>Silvino Capitão is a Civil Engineer, a specialist in Transport and Roads by the Portuguese Order of Engineers, a doctorate from the University of Coimbra in Civil Engineering, in the speciality of Urbanism, Spatial Planning and Transport, and a postgraduate in management (Executive MBA).</p>
<p>He has been a professor at the Instituto Superior de Engenharia de Coimbra (ISEC), an organisational unit of the Instituto Politécnico de Coimbra (IPC) since 1993, and a research member of CERIS/CESUR (Civil Engineering Research and Innovation for Sustainability) at the Instituto Superior Técnico (Univ. of Lisbon) since 2011. He is currently a Coordinating Professor at IPC, ISEC in the Civil Engineering Department, where he teaches in the area of transport infrastructures and is the founder and head of the Road Pavements Laboratory (LPR).</p>
<p>He has carried out R&amp;D activities within the scope of CESUR (IST-UL) and the Master&#8217;s Degree in Civil Engineering &#8211; Specialisation in Urban Construction at ISEC. He has participated in business co-operation tasks in the area of transport infrastructures, particularly in consultancy work related to road and airport paving.</p>
<p>He has been ISEC&#8217;s representative in the Cluster Habitat Sustentável since 2007.</p>

<!-- This site is optimized with the Yoast SEO plugin v27.5 - https://yoast.com/product/yoast-seo-wordpress/ -->
<title>Silvino Dias Capitão - Cluster Habitat Sustentável</title>
<meta name="robots" content="index, follow, max-snippet:-1, max-image-preview:large, max-video-preview:-1" />
<link rel="canonical" href="https://clusterhabitat.pt/en/orgao-social/silvino-dias-capitao/" />
<meta property="og:locale" content="en_US" />
<meta property="og:type" content="article" />
<meta property="og:title" content="Silvino Dias Capitão - Cluster Habitat Sustentável" />
<meta property="og:description" content="Silvino Capitão is a Civil Engineer, a specialist in Transport and Roads by the Portuguese Order of Engineers, a doctorate from the University of Coimbra in Civil Engineering, in the speciality of Urbanism, Spatial Planning and Transport, and a postgraduate in management (Executive MBA). He has been a professor at the Instituto Superior de Engenharia [&hellip;]" />
<meta property="og:url" content="https://clusterhabitat.pt/en/orgao-social/silvino-dias-capitao/" />
<meta property="og:site_name" content="Cluster Habitat Sustentável" />
<meta property="article:publisher" content="https://www.facebook.com/clusterhabitat" />
<meta property="article:modified_time" content="2024-03-26T17:15:30+00:00" />
<meta property="og:image" content="https://clusterhabitat.pt/wp-content/uploads/2024/02/medium_silvino.png" />
	<meta property="og:image:width" content="120" />
	<meta property="og:image:height" content="120" />
	<meta property="og:image:type" content="image/png" />
<meta name="twitter:card" content="summary_large_image" />
<meta name="twitter:site" content="@ClusterHabitat" />
<meta name="twitter:label1" content="Est. reading time" />
	<meta name="twitter:data1" content="2 minutes" />
<script type="application/ld+json" class="yoast-schema-graph">{"@context":"https:\/\/schema.org","@graph":[{"@type":"WebPage","@id":"https:\/\/clusterhabitat.pt\/en\/orgao-social\/silvino-dias-capitao\/","url":"https:\/\/clusterhabitat.pt\/en\/orgao-social\/silvino-dias-capitao\/","name":"Silvino Dias Capitão - Cluster Habitat Sustentável","isPartOf":{"@id":"https:\/\/clusterhabitat.pt\/#website"},"primaryImageOfPage":{"@id":"https:\/\/clusterhabitat.pt\/en\/orgao-social\/silvino-dias-capitao\/#primaryimage"},"image":{"@id":"https:\/\/clusterhabitat.pt\/en\/orgao-social\/silvino-dias-capitao\/#primaryimage"},"thumbnailUrl":"https:\/\/clusterhabitat.pt\/wp-content\/uploads\/2024\/02\/medium_silvino.png","datePublished":"2024-02-14T17:11:08+00:00","dateModified":"2024-03-26T17:15:30+00:00","breadcrumb":{"@id":"https:\/\/clusterhabitat.pt\/en\/orgao-social\/silvino-dias-capitao\/#breadcrumb"},"inLanguage":"en-US","potentialAction":[{"@type":"ReadAction","target":["https:\/\/clusterhabitat.pt\/en\/orgao-social\/silvino-dias-capitao\/"]}]},{"@type":"ImageObject","inLanguage":"en-US","@id":"https:\/\/clusterhabitat.pt\/en\/orgao-social\/silvino-dias-capitao\/#primaryimage","url":"https:\/\/clusterhabitat.pt\/wp-content\/uploads\/2024\/02\/medium_silvino.png","contentUrl":"https:\/\/clusterhabitat.pt\/wp-content\/uploads\/2024\/02\/medium_silvino.png","width":120,"height":120},{"@type":"BreadcrumbList","@id":"https:\/\/clusterhabitat.pt\/en\/orgao-social\/silvino-dias-capitao\/#breadcrumb","itemListElement":[{"@type":"ListItem","position":1,"name":"Início","item":"https:\/\/clusterhabitat.pt\/en\/"},{"@type":"ListItem","position":2,"name":"Silvino Dias Capitão"}]},{"@type":"WebSite","@id":"https:\/\/clusterhabitat.pt\/#website","url":"https:\/\/clusterhabitat.pt\/","name":"Cluster Habitat Sustentável","description":"","publisher":{"@id":"https:\/\/clusterhabitat.pt\/#organization"},"potentialAction":[{"@type":"SearchAction","target":{"@type":"EntryPoint","urlTemplate":"https:\/\/clusterhabitat.pt\/?s={search_term_string}"},"query-input":{"@type":"PropertyValueSpecification","valueRequired":true,"valueName":"search_term_string"}}],"inLanguage":"en-US"},{"@type":"Organization","@id":"https:\/\/clusterhabitat.pt\/#organization","name":"Cluster Habitat Sustentável","url":"https:\/\/clusterhabitat.pt\/","logo":{"@type":"ImageObject","inLanguage":"en-US","@id":"https:\/\/clusterhabitat.pt\/#\/schema\/logo\/image\/","url":"https:\/\/clusterhabitat.pt\/wp-content\/uploads\/2024\/01\/cropped-Cluster-Logo.png","contentUrl":"https:\/\/clusterhabitat.pt\/wp-content\/uploads\/2024\/01\/cropped-Cluster-Logo.png","width":203,"height":40,"caption":"Cluster Habitat Sustentável"},"image":{"@id":"https:\/\/clusterhabitat.pt\/#\/schema\/logo\/image\/"},"sameAs":["https:\/\/www.facebook.com\/clusterhabitat","https:\/\/x.com\/ClusterHabitat","https:\/\/www.linkedin.com\/company\/associao-plataforma-para-a-construo-sustentvel\/"]}]}</script>
<!-- / Yoast SEO plugin. -->

Silvino Dias Capitão - Cluster Habitat Sustentável

Silvino Capitão is a Civil Engineer, a specialist in Transport and Roads by the Portuguese Order of Engineers, a doctorate from the University of Coimbra in Civil Engineering, in the speciality of Urbanism, Spatial Planning and Transport, and a postgraduate in management (Executive MBA). He has been a professor at the Instituto Superior de Engenharia [&hellip;]

Cluster Habitat Sustentável

Início
